(base 7) to base 13
63c
What is 32201011 (base 4) in base 9?
100507
What is -1012 (base 13) in base 5?
-32322
What is 33301 (base 4) in base 10?
1009
Convert -252642 (base 7) to base 14.
-12dc9
What is 10021 (base 6) in base 7?
3550
5718 (base 9) to base 6
31325
What is -838 (base 15) in base 10?
-1853
Convert 12231 (base 5) to base 16.
3ad
What is -5942 (base 12) in base 5?
-304421
Convert -4196 (base 13) to base 3.
-110110022
What is 101101 (base 2) in base 12?
39
Convert 200210 (base 3) to base 11.
421
Convert 205 (base 15) to base 13.
290
-62d1 (base 15) to base 12
-10114
56436 (base 7) to base 12
8326
Convert 339 (base 14) to base 13.
3a2
What is 1078 (base 11) in base 6?
10320
23061 (base 7) to base 14
21d8
What is 3478 (base 9) in base 14?
d26
What is -9430 (base 10) in base 9?
-13837
What is -102346 (base 7) in base 13?
-8077
What is 1956 (base 11) in base 5?
34411
Convert -1111100 (base 2) to base 3.
-11121
What is 57b (base 14) in base 16?
441
-203 (base 4) to base 5
-120
Convert 3c71 (base 13) to base 14.
3263
Convert 1420214 (base 5) to base 16.
72fa
-11817 (base 11) to base 6
-210302
Convert -4555 (base 11) to base 16.
-1765
aaa (base 12) to base 2
11000100010
12013130 (base 4) to base 11
17905
-681c (base 14) to base 10
-18058
What is 723 (base 8) in base 16?
1d3
Convert -11300 (base 4) to base 3.
-111122
-17680 (base 9) to base 11
-9201
Convert 8f01 (base 16) to base 13.
13881
-8419 (base 10) to base 7
-33355
Convert -140 (base 13) to base 2.
-11011101
593 (base 14) to base 6
5045
What is -9b69 (base 13) in base 2?
-101010011010111
-b0 (base 15) to base 11
-140
What is -710 (base 9) in base 7?
-1452
Convert -2102212000 (base 3) to base 13.
-18b0a
Convert 292 (base 14) to base 16.
208
1033314 (base 5) to base 12
a487
What is 549 (base 10) in base 2?
1000100101
What is 24212 (base 7) in base 16?
1889
Convert 1 (base 11) to base 7.
1
-21134 (base 6) to base 3
-10221011
Convert -53 (base 11) to base 12.
-4a
What is -2594 (base 11) in base 12?
-1b4a
Convert -18269 (base 15) to base 14.
-206bc
What is -1212200 (base 4) in base 8?
-14640
Convert 57651 (base 10) to base 14.
1701d
15ac (base 13) to base 14
1236
-90 (base 10) to base 12
-76
What is -14757 (base 9) in base 11?
-7649
Convert -2201 (base 9) to base 4.
-121111
525 (base 6) to base 3
21022
883 (base 14) to base 9
2270
What is 13330 (base 4) in base 3?
200211
Convert 2c6 (base 13) to base 14.
27a
Convert -3153 (base 8) to base 6.
-11335
Convert 4332 (base 6) to base 9.
1322
Convert 6010 (base 12) to base 4.
2202030
74 (base 14) to base 10
102
-1461 (base 11) to base 2
-11101011010
-3909 (base 10) to base 3
-12100210
What is -15792 (base 10) in base 3?
-210122220
14b3e (base 15) to base 2
10000010001100011
What is 194d0 (base 14) in base 4?
33221032
112102201 (base 3) to base 10
10522
What is -345210 (base 6) in base 11?
-20323
-1707 (base 9) to base 6
-10011
What is 11532 (base 6) in base 2?
11010110000
What is 611 (base 10) in base 8?
1143
Convert 1325 (base 6) to base 15.
17b
What is 3402 (base 9) in base 14?
cb7
What is -202212 (base 3) in base 11?
-472
What is 1451 (base 10) in base 8?
2653
Convert 3131 (base 4) to base 16.
dd
-1032122 (base 4) to base 6
-35122
Convert -2623 (base 13) to base 15.
-1927
26322 (base 7) to base 12
4093
Convert -100001000001 (base 2) to base 12.
-1281
What is 1413 (base 8) in base 3?
1001212
-289e (base 15) to base 5
-234244
What is -2a4a (base 12) in base 7?
-20305
-471 (base 8) to base 10
-313
What is -1615 (base 7) in base 10?
-649
Convert 255a (base 13) to base 4.
1103002
What is -493 (base 16) in base 7?
-3262
Convert -264d (base 14) to base 11.
-5071
What is 100202102 (base 3) in base 5?
211422
Convert -1cd6 (base 15) to base 3.
-22121110
Convert -71716 (base 9) to base 7.
-254502
Convert -62 (base 10) to base 6.
-142
What is -aa9 (base 16) in base 5?
-41404
2a1 (base 11) to base 15
188
Convert 13b5 (base 15) to base 14.
1776
Convert 238 (base 14) to base 4.
12322
What is -11100000 (base 2) in base 13?
-143
What is 245 (base 9) in base 8?
313
Convert -2417 (base 12) to base 5.
-112201
Convert 4a7 (base 11) to base 5.
4401
Convert 6b7 (base 13) to base 6.
5220
2332 (base 7) to base 4
31120
-5882 (base 14) to base 16
-3c2a
What is 135 (base 9) in base 10?
113
What is -5aa (base 15) in base 3?
-1202121
Convert -40085 (base 9) to base 11.
-18859
Convert -4143103 (base 5) to base 16.
-10bb0
Convert 11101100001011 (base 2) to base 16.
3b0b
What is -829 (base 12) in base 15?
-540
6d0 (base 15) to base 3
2010020
What is cac (base 15) in base 7?
11226
b81 (base 12) to base 6
11441
What is 848 (base 11) in base 14?
52c
Convert 1011220111 (base 3) to base 6.
255404
What is -25 (base 7) in base 2?
-10011
3537 (base 8) to base 4
131133
What is 111220222 (base 3) in base 8?
23647
Convert 10000102021 (base 3) to base 4.
32133121
15374 (base 13) to base 7
225023
What is 6542 (base 8) in base 9?
4626
What is 1344 (base 5) in base 9?
268
What is 102004 (base 5) in base 10?
3379
What is 635 (base 10) in base 11?
528
What is -51876 (base 9) in base 12?
-179a3
What is 4986 (base 15) in base 9?
23420
Convert -104 (base 6) to base 16.
-28
Convert 11110001001 (base 2) to base 14.
9bb
Convert -54030 (base 7) to base 16.
-3456
What is -1602 (base 8) in base 3?
-1020021
Convert -250 (base 11) to base 16.
-129
Convert -80198 (base 10) to base 14.
-21326
What is -2461 (base 8) in base 6?
-10053
Convert 3007 (base 10) to base 9.
4111
What is -6783 (base 9) in base 3?
-20212210
62a6 (base 12) to base 15
32dc
Convert -541c (base 14) to base 6.
-151134
What is -163753 (base 8) in base 4?
-32133223
What is 202122 (base 3) in base 8?
1055
What is -302114 (base 5) in base 7?
-40106
What is 956 (base 12) in base 14?
6d4
Convert -19714 (base 12) to base 16.
-91c0
3466 (base 7) to base 14
66d
What is -10132 (base 4) in base 7?
-556
What is -4817 (base 11) in base 9?
-8581
-b97 (base 14) to base 3
-10010210
Convert -13 (base 4) to base 14.
-7
Convert 342202 (base 6) to base 16.
715a
What is 1041 (base 5) in base 9?
172
Convert 1b3d8 (base 14) to base 3.
10112011120
2214a (base 12) to base 7
245401
-216 (base 15) to base 8
-727
Convert -1167 (base 11) to base 5.
-22100
What is -1012100122 (base 3) in base 7?
-125525
2331 (base 6) to base 7
1426
What is -392 (base 12) in base 4?
-20132
What is 14563 (base 8) in base 6?
50055
What is -3288 (base 13) in base 14?
-27cd
Convert -411200 (base 6) to base 4.
-13332300
What is -12522 (base 13) in base 14?
-c484
What is 11113 (base 5) in base 6?
3343
What is 1a7e (base 15) in base 9?
7782
-10000101010101101 (base 2) to base 7
-403015
Convert 110010111000101 (base 2) to base 4.
12113011
Convert -16170 (base 11) to base 13.
-a50a
What is 31223 (base 4) in base 13?
524
What is -1100202022 (base 3) in base 11?
-19147
What is -221 (base 10) in base 14?
-11b
What is -33010 (base 4) in base 16?
-3c4
What is 43783 (base 10) in base 2?
1010101100000111
-150164 (base 7) to base 3
-1110122122
What is -949 (base 12) in base 15?
-603
4d7 (base 16) to base 10
1239
424 (base 8) to base 12
1b0
Convert -1eb (base 15) to base 8.
-676
What is -203321 (base 4) in base 10?
-2297
18a2 (base 11) to base 3
10022022
Convert -9906 (base 11) to base 7.
-53055
What is 31755 (base 9) in base 15?
636e
Convert 1031030 (base 4) to base 15.
16e5
20413 (base 5) to base 4
111032
What is 308 (base 14) in base 13?
36b
Convert -220 (base 6) to base 15.
-59
What is -151a (base 15) in base 14?
-1913
Convert 4236 (base 13) to base 16.
23d3
Convert 3467 (base 12) to base 11.
4429
Convert 1310 (base 13) to base 16.
a9d
What is -8a9 (base 13) in base 2?
-10111010011
What is 812e (base 15) in base 12?
13945
-1c3 (base 16) to base 15
-201
885 (base 13) to base 4
112311
Convert 1112202 (base 3) to base 9.
1482
What is -4206 (base 9) in base 13?
-1533
-701 (base 10) to base 12
-4a5
-101101011110100 (base 2) to base 8
-55364
-314413 (base 6) to base 9
-38150
What is -1302 (base 6) in base 14?
-194
Convert -2042 (base 12) to base 7.
-13136
-20275 (base 8) to base 11
-632a
-11210002 (base 3) to base 2
-110110011101
What is -215504 (base 6) in base 16?
-46c0
What is -6542 (base 7) in base 6?
-14445
Convert -2a1b (base 15) to base 2.
-10001101000010
Convert 6122 (base 7) to base 15.
96